the highest common divisor of 180 and f.
36
Let t be 8/(-2) - -1 - -54. Calculate the greatest common factor of t and 34.
17
Let h(f) be the second derivative of -f**3/2 - f**2 - 2*f. Let k be h(-2). Suppose 2*j + 24 = k*j. What is the greatest common factor of j and 108?
12
Let f(x) = x**2 - 20*x + 16. Let v be f(23). What is the greatest common factor of 17 and v?
17
Suppose -13*p + 16*p - 72 = 0. Calculate the highest common factor of p and 36.
12
Suppose -4*i - 2*i + 48 = 0. What is the highest common divisor of 1 and i?
1
Suppose j = 5 - 4, 5*g = -4*j + 214. Suppose 0*f + 5*f - 34 = -4*h, -4*h - f + 26 = 0. Suppose -h = -2*m + m. What is the highest common factor of m and g?
6
Let j = -11 + 35. Let s(d) = 3*d**2 + 2*d. Let u be (-2)/9 - (-48)/(-27). Let w be s(u). What is the greatest common divisor of w and j?
8
Let z be (-2)/3 + 100/6. Let v = -3 + 4. Suppose -s = -4*k + 4, -4*s + 3*s - v = -3*k. What is the highest common factor of z and s?
8
Suppose -3*w = -k - 5, -4*k + 3*w = 5*w - 22. Let t = 5 + -17. Let m be 2/12 + (-526)/t. Calculate the highest common divisor of m and k.
4
Let h = -12 + 66. What is the highest common divisor of h and 6?
6
Suppose 0 = -3*p + 8*p - 10. Calculate the greatest common factor of 1 and p.
1
Suppose 5*s = 5*j, -7*j = -2*s - 2*j - 12. Calculate the greatest common factor of 4 and s.
4
Let u(g) = -g**2 + 6*g + 8. Let k be u(6). Let q be 2/6*(-2 - -11). Let f be 5 - q - -1 - -85. Calculate the highest common factor of k and f.
8
Let t be (-184)/(-12) + 2/3. Let m = 24 - t. What is the highest common factor of m and 20?
4
Suppose 0 = 12*a - 11*a - 3. What is the greatest common factor of a and 2?
1
Suppose -2*u + 0*u + 224 = -4*t, -3*u = 5*t - 292. Calculate the greatest common factor of u and 8.
8
Suppose 0*n = 5*n. Let p = n + 0. Suppose p*y + 6 = y. What is the highest common factor of 9 and y?
3
Suppose 276 = 3*s + 63. Let g = 151 - s. What is the greatest common divisor of g and 10?
10
Let d be (-3)/((-5)/2 - -1). Let y be 51 + d - 0/1. Suppose -3*k + k - 22 = -2*b, 5*b = 3*k + y. Calculate the highest common divisor of 5 and b.
5
Suppose -i - 6 = j, 0 = 5*i - 3*j - j + 57. Let v be (-6)/(0 - i/(-12)). Let d be (-2)/(-5)*(3 + 2). Calculate the highest common divisor of d and v.
2
Let z(l) = -l**3 - 6*l**2 + 6*l + 10. Let i be z(-7). Let j = -16 + i. What is the highest common divisor of 8 and j?
1
Let x = 8 - -4. Let f be ((-208)/39)/((-4)/18). Calculate the highest common factor of x and f.
12
Let u be 15*(-4)/8*(-54)/5. What is the greatest common factor of u and 54?
27
Suppose -3 = -3*x - 4*w, x + w - 2 = -0*x. Suppose x*d - 2*b = 19 + 5, -3*b = 6. Suppose -d*a = a - 50. Calculate the greatest common factor of a and 2.
2
Let c = -30 + 82. Suppose 64 = 2*b + 2*b - 4*d, 3*b - 2*d = 45. What is the greatest common factor of b and c?
13
Let f = 28 + -18. Let o(r) = r**3 + 7*r**2 - 13*r - 10. Let q be o(-8). Calculate the highest common factor of q and f.
10
Let f be -2 + 16/(-12)*-3. Suppose -w + 86 = f*u - 3*w, 3*w + 87 = 2*u. Suppose 4*z - 56 = 2*z. Calculate the highest common divisor of u and z.
14
Let r be (-6 + 11)*6/5. Suppose 7*h - 231 = r*h. Suppose m - 4*v + 3*v - 73 = 0, -3*v = 3*m - h. What is the highest common divisor of m and 30?
15
Suppose -3*a + 2*o = -15 - 14, 0 = 3*a - 5*o - 32. Calculate the greatest common divisor of 18 and a.
9
Let w(u) = u**3 - 16*u**2 + 27*u + 17. Let p be w(14). Suppose 3*x + 0*x - 6 = 0. What is the greatest common divisor of p and x?
1
Suppose 3*t - 42 = 51. Calculate the greatest common factor of 217 and t.
31
Suppose 5*z = -3*n - 8, z + 0*z + 4 = -3*n. Let l be (-4)/z - (4 + -91). What is the highest common divisor of l and 13?
13
Let o = -13 + 16. Suppose -2*h - o*h = -110. Let u(q) = -q**2 - 6*q - 6. Let m be u(-4). Calculate the greatest common factor of h and m.
2
Suppose 3*l = -5*a + 57, 5*l - 65 = -5*a - 0*l. Calculate the greatest common factor of 63 and a.
9
Suppose -34 = -5*x - 4*k, 5*k + 24 - 5 = 4*x. Let w(i) = -i**3 - 13*i**2 - 26*i - 20. Let t be w(-11). Calculate the greatest common factor of t and x.
6
Let i(d) = d - 2. Let k be i(4). Suppose 4*p - 20 = -k*x, -3*x + x + 4*p + 12 = 0. What is the highest common divisor of 8 and x?
8
Let h(t) = -25*t. Let f be h(9). Let o = -137 - f. What is the highest common factor of 11 and o?
11
Let f(o) = 3*o - 15. Let d be f(15). Calculate the greatest common factor of 12 and d.
6
Let p be ((-60)/70)/((-6)/28). Suppose 0 = -3*f - 4*t + 4, 0*t + p*t = -2*f. Calculate the highest common divisor of f and 32.
4
Suppose -5*j - 282 = -2*j. Let f = 139 + j. Suppose -2*s - s + f = 0. What is the highest common divisor of 6 and s?
3
Let f be ((-80)/(-25))/((-1)/5). Let d be (f/(-3))/(-2)*-24. Calculate the greatest common divisor of 16 and d.
16
Let z be 34/(-153) - 1681/9. Let y = z - -327. What is the greatest common factor of y and 28?
28
Let q be (-4)/(-6)*(3/1 - -9). Suppose -2*j + 7*j = 0. Suppose 0 = -j*k + k - 16. Calculate the greatest common factor of k and q.
8
Suppose 0*z = 5*z - 50. Suppose -256 = -5*l + 294. Calculate the highest common factor of z and l.
10
Let z(f) = -f**3 + 2*f**2. Let v be z(2). Let q = v + 1. Let h be -1*7*(q + -2). Calculate the highest common factor of h and 7.
7
Suppose -25*r - 1145 + 3745 = 0. What is the greatest common factor of 8 and r?
8
Let w = -20 - -43. Suppose -7*j = -2*j - 2*o - 63, -3*o = -j + w. What is the highest common factor of 88 and j?
11
Let r be (1 - 2)/2*0. Let n be 12/4 + (r - 0). Calculate the highest common factor of n and 21.
3
Suppose 4*q + 4*l = 8, -4*q + 0*l + l + 13 = 0. Let y be 2 - (-4 + q - 17). What is the highest common divisor of 50 and y?
10
Suppose 3*q = 4*v - 5*v, 0 = -2*q. Let j = -2 + v. Let i be j/(-13) + 2280/52. What is the highest common factor of i and 4?
4
Suppose -7*w - w = -56. What is the greatest common divisor of w and 14?
7
Suppose -3*g - 10 - 5 = 0, -5*g - 88 = -3*o. Calculate the highest common divisor of 3 and o.
3
Let p = 29 + -15. Suppose u + 0 = -2*c + 4, c = -2*u + 5. Let x be (-1464)/(-15) - u/(-5). Calculate the greatest common divisor of p and x.
14
Suppose 2*a - 304 = 4*m, 5*a - a = m + 601. What is the highest common divisor of 25 and a?
25
Let b(v) = -22*v**3 - v**2 - v. Suppose 2*r - 3*w = -0*r - 13, 3*r + 22 = 2*w. Let t = 7 + r. Let a be b(t). What is the highest common divisor of a and 55?
11
Let p be ((-1 - 134) + -3 + 3)*-3. Calculate the greatest common factor of p and 45.
45
Suppose 413 - 17 = 4*x. Calculate the greatest common divisor of 11 and x.
11
Let w(i) = 24*i. Let p be w(1). Suppose -3*j - p = -5*j. What is the greatest common divisor of 24 and j?
12
Let n(q) = q**3 - 4*q**2 - 3*q + 5. Let l be n(4). Let f = l - -34. Calculate the highest common factor of f and 3.
3
Suppose -4*k + 1041 = -59. What is the greatest common divisor of 11 and k?
11
Let s = 89 + -58. What is the greatest common factor of s and 248?
31
Let w(l) = -2*l**3 + 3*l**2 + 4*l - 3. Let a be w(3). Let i be 13/((-3)/a - 0). Calculate the highest common factor of i and 13.
13
Let r be (-2 - -1)/(3/(-12)). Suppose u = -0 + 8. What is the highest common factor of u and r?
4
Suppose 9*m - 106 = 164. What is the highest common factor of m and 2?
2
Let v be 212/18 - 4/(-18). Let u = 39 - v. Suppose 0 = 3*s - 5*s + 36. What is the greatest common factor of s and u?
9
Let d(r) = -r**3 - 4*r**2 - 9*r - 66. Let f be d(-5). Let o be 2 - (-1 - (0 - -1)). What is the highest common factor of f and o?
4
Let p be (-24)/14*(-2 - 12). What is the greatest common factor of 24 and p?
24
Suppose -d - 4*k + 14 = 0, 0 = -2*d - 0*k - k - 7. Let q be 35/6 - d/36. Calculate the greatest common factor of 42 and q.
6
Suppose 0*u + 4*u + 33 = 3*n, -30 = 4*u - 2*n. Let q(l) = -l - 2. Let a be q(u). Let h = 24 - a. Calculate the greatest common divisor of h and 2.
2
Let h be 111/21 + (-4)/14. Let t = 6 - h. What is the highest common factor of 10 and t?
1
Let j = 11 + -6. Suppose 2*n + 3*k - 7*k = 0, -j = -n + k. Calculate the greatest common factor of n and 25.
5
Suppose -3*b = -2*q + 20, -3*b - 8 = -q - 2*b. Calculate the highest common factor of 44 and q.
4
Let w = 36 - -14. Calculate the highest common divisor of 10 and w.
10
Suppose 2*r = 5*z + 32, 0